remainder when 11 is divided by q?
5
Let v = -4 - -17. Calculate the remainder when v is divided by (2/6)/(1/15).
3
Let l = -8 + 13. Suppose -23 = -l*q + 3*x - 2*x, -4*q - 2*x = -10. Suppose -2*u = -c - 4, 4*c = u + u + 2. Calculate the remainder when q is divided by u.
1
Suppose 2*j + 2*b = b + 86, 5*j - 3*b = 215. What is the remainder when j is divided by 11?
10
Suppose -7*n + 9*n - 74 = 0. Calculate the remainder when n is divided by 10.
7
Let d(t) = -t**2 - 4*t + 2. Let a be d(-4). Suppose 4*u + 44 = a*x - 12, -3*x - 5*u = -40. Calculate the remainder when 38 is divided by x.
18
Let t(c) = -c - 2. Let r be t(-8). Suppose -4*a + 65 = 5*h, -5*a = r - 31. What is the remainder when h + -1*2 + 1 is divided by 3?
2
Suppose -20 = -4*r + 4*f - 0, -4*r - f = -5. Calculate the remainder when 19 is divided by r.
1
Let k = -7 - -14. Suppose -k*n + 2*n + 10 = 0. What is the remainder when 3 is divided by n?
1
Suppose -l - 3 = -2*l - 5*t, t = 3*l - 57. What is the remainder when 69 is divided by l?
15
Suppose -2*a - 20 = -7*a. Let v = 8 + a. Suppose 6*h - 2*h = 28. What is the remainder when v is divided by h?
5
Let x(c) = -c**2 + 6*c - 2. Let o be x(5). Suppose 2*d - o*d + 28 = 0. Calculate the remainder when 83 is divided by d.
27
Let v(a) = 2*a - 5. Let q = -12 + 21. What is the remainder when 49 is divided by v(q)?
10
Suppose -5*z = -9*t + 4*t - 120, -2*t + 48 = 2*z. Let n be 58/7 + (-2)/7. What is the remainder when z is divided by 2/n - 70/(-8)?
6
Let b be ((-32)/(-20))/((-2)/10). What is the remainder when ((-114)/(-8))/((-3)/b) is divided by 20?
18
Let m(b) = b + 11. Calculate the remainder when -3*1/(0 + -1) is divided by m(-9).
1
Let r be (1/(-3))/(4/(-24)). Calculate the remainder when 14 is divided by (r - 3 - 4)/(-1).
4
Let s = 322 - 186. Suppose -s = -n - 3*n. Calculate the remainder when n is divided by 12.
10
Suppose 0 = 2*w - 5*z - 28, -3*w - w + 3*z + 42 = 0. Suppose -3*n + 4*k = -13 + 9, 0 = 4*n + 2*k - 20. What is the remainder when w is divided by n?
1
Let d(i) be the first derivative of -i**3/3 - i - 3. Let j be d(3). Calculate the remainder when 34 is divided by (-366)/(-30) - (-2)/j.
10
Let q(x) = -x**3 + 2*x**2 + 4*x - 1. Let u be q(3). What is the remainder when 46 is divided by (-48)/2*(-1)/u?
10
Let i = -3 + 0. Let u = 11 + i. Calculate the remainder when u is divided by 3.
2
Let k(m) = m**3 + 5*m**2 + 8*m + 1. Let o be k(-4). Let r = o + 53. Calculate the remainder when r is divided by 10.
8
Let r = 27 + -18. Let c(i) = i - 3*i + 2 - 1 + 5*i**2. Calculate the remainder when c(2) is divided by r.
8
Let k(x) = 2*x - 6. Let n be k(4). Suppose -5 = -4*i + 3. Suppose -d + 26 = 2*v, -2*d + 104 = i*d - n*v. What is the remainder when d is divided by 9?
8
Let v(u) = 6*u**3 - 51*u**2 + 16*u + 14. Let w(y) = -y**3 + 10*y**2 - 3*y - 3. Let l(g) = 2*v(g) + 11*w(g). Calculate the remainder when 11 is divided by l(-8).
2
Suppose 3*m = 3*b + 84, 2*b = 3*m - 3*b - 80. What is the remainder when 59 is divided by m?
29
Suppose -5*r + 147 = -118. Calculate the remainder when r is divided by 28.
25
Let k be (1/2)/(1/6). Suppose 26 = 2*n - a, -n - 2*a + 3 = -15. Calculate the remainder when (-2)/(-3) + 79/k is divided by n.
13
Suppose 4*r = 0, 0*m + 3*r + 4 = -4*m. Let i = 17 - m. Suppose 0*t + t - i = 0. What is the remainder when 34 is divided by t?
16
Suppose 24 = 3*y - 2*y. Let a(s) be the first derivative of s**3/3 - 3*s**2/2 + 3*s + 1. Calculate the remainder when y is divided by a(5).
11
Let q be ((-26)/5)/((-2)/10). Let i(a) = 1 - 7*a - q*a - 3*a. What is the remainder when i(-1) is divided by 13?
11
Let q be (-9)/3 - -3 - 1. Suppose -i - 42 = -4*j, -5*j + 0*i + 45 = -5*i. Let b = q + j. Calculate the remainder when 18 is divided by b.
8
Calculate the remainder when (-78)/4*4/(-6) is divided by 3.
1
Suppose -5*u = 10, 4*w = -5*u + 44 + 14. Let i = 2 + w. Calculate the remainder when i is divided by 10.
9
Suppose 0 = 2*q + 38 - 192. What is the remainder when q is divided by 26?
25
Let p = -12 - -21. What is the remainder when 60 is divided by p?
6
Suppose -6*u = -66 - 42. What is the remainder when 33 is divided by u?
15
Let b(g) = g**2 + 5*g - 10. Let d be b(-7). Suppose -c - d = 4*h, 11 = -4*c + 5*c + h. What is the remainder when 61 is divided by c?
13
Let x(d) = d**2 + 3*d - 8. Let t(n) = -n**3 + 9*n**2 - 10*n - 9. Calculate the remainder when t(7) is divided by x(-6).
9
Let w(i) = 4*i**2 - 2*i + 3. Let a be w(2). Suppose -41 + a = -s. Suppose 3*m - 28 = 14. What is the remainder when s is divided by m?
12
Let f(k) = -k + 29. What is the remainder when f(-6) is divided by 18?
17
Suppose -52*w + 55*w - 165 = 0. Calculate the remainder when w is divided by 14.
13
Let c(o) = -o**3 + 5*o**2 + 6*o + 4. Let d be c(6). Suppose 0 = -d*g - g - 5, 3*g - 49 = -4*u. What is the remainder when 49 is divided by u?
10
Let y be 1*-4*(-3 + 2). Suppose m + w - 1 = 6*m, 2*m - 4*w = -y. Suppose m = -0*a + 5*a - 15. What is the remainder when 5 is divided by a?
2
Suppose 9*g - 30 = 3*g. Let m = 4 + g. What is the remainder when m is divided by 5?
4
Let q be 8 - (0/(-3) - -2). Suppose 3*j - 81 - q = 0. Suppose 0 = 2*w - 18 - 2. Calculate the remainder when j is divided by w.
9
Let s(q) be the third derivative of q**5/15 - q**4/12 + q**3/3 + q**2. Calculate the remainder when -4*(-10 + 0/1) is divided by s(2).
12
Suppose 2*o - 139 = -19. Calculate the remainder when o is divided by 31.
29
Let y(n) = -16*n - 6. Calculate the remainder when y(-4) is divided by 30.
28
Suppose 0 = 3*p + 2*i - 32, -3*i + 20 = 3*p - 4*i. Let g(m) = m + 6. Let s be g(5). Let n = p + s. Calculate the remainder when 55 is divided by n.
17
Suppose -6*u = 23 + 37. What is the remainder when 24 is divided by 3/(-15) + (-72)/u?
3
Let z = 2 - -8. Calculate the remainder when 29 is divided by z.
9
Let d(h) = -h**2 + 10*h + 9. What is the remainder when 43 is divided by d(10)?
7
Suppose -a - r - 29 = -5*a, -2*a + r + 13 = 0. Let s(o) = 2*o - 9. What is the remainder when a is divided by s(7)?
3
Let u = 137 - 116. What is the remainder when 73 is divided by u?
10
Let x = 20 + 4. Suppose 2 - 6 = 2*q. What is the remainder when (94/(4 - 5))/q is divided by x?
23
Let v(k) = k**2 - k - 3. Let p be v(3). Let f be p/(-2)*84/(-18). Let q = f - 3. What is the remainder when 6 is divided by q?
2
Suppose z + 0*z = -2*h + 2, 0 = h - 2*z + 4. Suppose 4 = 4*d + 4*w, h*d - 2*w - 2 = d. Calculate the remainder when 11 is divided by d.
3
Let r(g) = -g + 25. Calculate the remainder when 119 is divided by r(10).
14
Let c = 136 - 117. What is the remainder when c is divided by 5?
4
Let q(b) = -4*b + 7. Suppose 2*u - 1 = 3*k, -2*u + 0*u - k + 13 = 0. Calculate the remainder when q(-3) is divided by u.
4
Suppose 3*b = 5*a - 10 + 54, -2*b + 5*a + 36 = 0. What is the remainder when 53 is divided by b?
5
Let n = -25 + 38. Let x = n - 9. What is the remainder when 10 is divided by x?
2
Let s(h) = h**2 + 16*h + 9. What is the remainder when s(-18) is divided by 10?
5
Suppose 70 + 53 = 3*o. What is the remainder when 121 is divided by o?
39
Let d be 0 + -3 - (1 - 7). Suppose d*v + 23 = 2*n - n, 4*n = 2*v + 132. Let j = n - 6. What is the remainder when j is divided by 15?
14
Let z be 1/(-1*4/116). Let j = z + 44. Calculate the remainder when 28 is divided by j.
13
Suppose x - 5*l = -13 - 16, 0 = 4*x + 4*l - 4. What is the remainder when 9 is divided by (-1 + -1 - x) + 2?
1
Suppose x = 2*n - 44, 5*n = -x + 4*x + 109. What is the remainder when n is divided by 8?
7
Let q be (4 - 5)*1*10. Let j = -6 - q. Let n = -2 - -17. What is the remainder when n is divided by j?
3
Let t(m) be the second derivative of -m**5/20 + m**4/4 + 5*m**3/6 - 3*m**2/2 + 7*m. Calculate the remainder when 34 is divided by t(3).
10
Suppose -6*z = -4 - 68. Let s(u) = 23*u**3 - u**2 + 2*u - 1. What is the remainder when s(1) is divided by z?
11
What is the remainder when (-3)/(-9) + 357/9 is divided by 21?
19
Suppose -5*n - 4*z + 6*z + 232 = 0, -225 = -5*n - 5*z. What is the remainder when n is divided by 25?
21
Suppose 4*s - 5*c - 123 = -0*s, s + 3*c - 35 = 0. What is the remainder when s is divided by 11?
10
Let r = 17 + 5. Suppose 0 = 2*z - 0*z. Suppose z = 3*d + 9, d = 2*f - 4*d - 39. What is the remainder when r is divided by f?
10
Sup